{"id":452,"date":"2023-10-08T16:33:24","date_gmt":"2023-10-08T15:33:24","guid":{"rendered":"https:\/\/christianebrandon.com\/?page_id=452"},"modified":"2023-10-08T16:34:45","modified_gmt":"2023-10-08T15:34:45","slug":"alain-delon-notre-idole-notre-tout","status":"publish","type":"page","link":"https:\/\/christianebrandon.com\/index.php\/alain-delon-notre-idole-notre-tout\/","title":{"rendered":"Alain Delon, Notre idole Notre tout"},"content":{"rendered":"\n<div style=\"height:59px\" aria-hidden=\"true\" class=\"wp-block-spacer\"><\/div>\n\n\n\n<div class=\"wp-block-media-text alignwide is-stacked-on-mobile\" style=\"grid-template-columns:38% auto\"><figure class=\"wp-block-media-text__media\"><img loading=\"lazy\" decoding=\"async\" width=\"665\" height=\"1024\" src=\"https:\/\/christianebrandon.com\/wp-content\/uploads\/2023\/10\/5195-couv_recto-665x1024.jpg\" alt=\"\" class=\"wp-image-448 size-full\" srcset=\"https:\/\/christianebrandon.com\/wp-content\/uploads\/2023\/10\/5195-couv_recto-665x1024.jpg 665w, https:\/\/christianebrandon.com\/wp-content\/uploads\/2023\/10\/5195-couv_recto-195x300.jpg 195w, https:\/\/christianebrandon.com\/wp-content\/uploads\/2023\/10\/5195-couv_recto-768x1183.jpg 768w, https:\/\/christianebrandon.com\/wp-content\/uploads\/2023\/10\/5195-couv_recto-997x1536.jpg 997w, https:\/\/christianebrandon.com\/wp-content\/uploads\/2023\/10\/5195-couv_recto-1330x2048.jpg 1330w, https:\/\/christianebrandon.com\/wp-content\/uploads\/2023\/10\/5195-couv_recto-1140x1756.jpg 1140w, https:\/\/christianebrandon.com\/wp-content\/uploads\/2023\/10\/5195-couv_recto-scaled.jpg 1662w\" sizes=\"auto, (max-width: 665px) 100vw, 665px\" \/><\/figure><div class=\"wp-block-media-text__content\">\n<p class=\"has-black-color has-text-color has-medium-font-size\">Qui est le vrai Alain Delon ? Quel homme se cache derri\u00e8re ce personnage \u00e0 l\u2019allure confiante ? C\u2019est ce que les lecteurs d\u00e9couvriront au fur et \u00e0 mesure qu\u2019ils tourneront les pages de cette biographie. Christiane Brandon y narre la vie, publique et priv\u00e9e, d\u2019Alain Delon, sa carri\u00e8re riche, d\u2019acteur, de producteur et de r\u00e9alisateur. <\/p>\n\n\n\n<p class=\"has-black-color has-text-color has-medium-font-size\">Elle s\u2019int\u00e9resse aux femmes qui ont compt\u00e9 dans son c\u0153ur et \u00e0 ses enfants. Elle retrace l\u2019affaire Markovic \u00e0 l\u2019aide d\u2019archives judiciaires et journalistiques. Enfin, elle nous livre des t\u00e9moignages exclusifs de personnes ayant c\u00f4toy\u00e9 l\u2019acteur.<\/p>\n\n\n\n<p><\/p>\n<\/div><\/div>\n\n\n\n<div style=\"height:59px\" aria-hidden=\"true\" class=\"wp-block-spacer\"><\/div>\n\n\n\n<p class=\"has-black-color has-text-color has-medium-font-size\">Notre idole, Notre tout est adapt\u00e9 \u00e0 un public averti ou non. Facile et rapide \u00e0 lire, cette biographie vous replongera dans un univers \u00e0 la fois solitaire, riche et dynamique. Un portrait sensible et touchant d\u2019une ic\u00f4ne du cin\u00e9ma et d\u2019un homme connu pour son courage sans concession.<\/p>\n\n\n\n<div style=\"height:59px\" aria-hidden=\"true\" class=\"wp-block-spacer\"><\/div>\n\n\n\n<figure class=\"wp-block-image size-large\"><a href=\"https:\/\/christianebrandon.com\/index.php\/boutique\/\"><img loading=\"lazy\" decoding=\"async\" width=\"1024\" height=\"742\" src=\"https:\/\/christianebrandon.com\/wp-content\/uploads\/2023\/10\/5195-couv-rectoverso-1024x742.jpg\" alt=\"\" class=\"wp-image-453\" srcset=\"https:\/\/christianebrandon.com\/wp-content\/uploads\/2023\/10\/5195-couv-rectoverso-1024x742.jpg 1024w, https:\/\/christianebrandon.com\/wp-content\/uploads\/2023\/10\/5195-couv-rectoverso-300x217.jpg 300w, https:\/\/christianebrandon.com\/wp-content\/uploads\/2023\/10\/5195-couv-rectoverso-768x557.jpg 768w, https:\/\/christianebrandon.com\/wp-content\/uploads\/2023\/10\/5195-couv-rectoverso-1536x1113.jpg 1536w, https:\/\/christianebrandon.com\/wp-content\/uploads\/2023\/10\/5195-couv-rectoverso-2048x1484.jpg 2048w, https:\/\/christianebrandon.com\/wp-content\/uploads\/2023\/10\/5195-couv-rectoverso-1140x826.jpg 1140w\" sizes=\"auto, (max-width: 1024px) 100vw, 1024px\" \/><\/a><\/figure>\n\n\n\n<div style=\"height:62px\" aria-hidden=\"true\" class=\"wp-block-spacer\"><\/div>\n\n\n\n<p class=\"has-black-color has-text-color has-medium-font-size\"><\/p>\n","protected":false},"excerpt":{"rendered":"<p>Qui est le vrai Alain Delon ? Quel homme se cache derri\u00e8re ce personnage \u00e0 l\u2019allure confiante ? C\u2019est ce que les lecteurs d\u00e9couvriront au fur et \u00e0 mesure qu\u2019ils tourneront les pages de cette biographie. Christiane Brandon y narre la vie, publique et priv\u00e9e, d\u2019Alain Delon, sa carri\u00e8re riche, d\u2019acteur, de producteur et de r\u00e9alisateur. Elle s\u2019int\u00e9resse aux femmes qui ont compt\u00e9 dans son c\u0153ur et \u00e0 ses enfants. Elle retrace l\u2019affaire Markovic \u00e0 l\u2019aide d\u2019archives judiciaires et journalistiques. Enfin, elle nous livre des t\u00e9moignages exclusifs de personnes ayant c\u00f4toy\u00e9 l\u2019acteur. Notre idole, Notre tout est adapt\u00e9 \u00e0 un public averti ou non. Facile et rapide \u00e0 lire, cette biographie vous replongera dans un univers \u00e0 la fois solitaire, riche et dynamique. Un portrait sensible et touchant d\u2019une ic\u00f4ne du cin\u00e9ma et d\u2019un homme connu pour son courage sans concession.<\/p>\n","protected":false},"author":1,"featured_media":0,"parent":0,"menu_order":0,"comment_status":"closed","ping_status":"closed","template":"","meta":{"_monsterinsights_skip_tracking":false,"_monsterinsights_sitenote_active":false,"_monsterinsights_sitenote_note":"","_monsterinsights_sitenote_category":0,"footnotes":""},"class_list":["post-452","page","type-page","status-publish","hentry"],"aioseo_notices":[],"_links":{"self":[{"href":"https:\/\/christianebrandon.com\/index.php\/wp-json\/wp\/v2\/pages\/452","targetHints":{"allow":["GET"]}}],"collection":[{"href":"https:\/\/christianebrandon.com\/index.php\/wp-json\/wp\/v2\/pages"}],"about":[{"href":"https:\/\/christianebrandon.com\/index.php\/wp-json\/wp\/v2\/types\/page"}],"author":[{"embeddable":true,"href":"https:\/\/christianebrandon.com\/index.php\/wp-json\/wp\/v2\/users\/1"}],"replies":[{"embeddable":true,"href":"https:\/\/christianebrandon.com\/index.php\/wp-json\/wp\/v2\/comments?post=452"}],"version-history":[{"count":2,"href":"https:\/\/christianebrandon.com\/index.php\/wp-json\/wp\/v2\/pages\/452\/revisions"}],"predecessor-version":[{"id":455,"href":"https:\/\/christianebrandon.com\/index.php\/wp-json\/wp\/v2\/pages\/452\/revisions\/455"}],"wp:attachment":[{"href":"https:\/\/christianebrandon.com\/index.php\/wp-json\/wp\/v2\/media?parent=452"}],"curies":[{"name":"wp","href":"https:\/\/api.w.org\/{rel}","templated":true}]}}